ue
Is 16 a factor of 6761744?
True
Is 1387309 a multiple of 77?
True
Does 73 divide 660911?
False
Is 550 a factor of 2221216?
False
Does 181 divide 900113?
True
Is 5 a factor of 8545800?
True
Does 646 divide 470288?
True
Is 194 a factor of 950501?
False
Does 24 divide 136507?
False
Is 149355 a multiple of 15?
True
Does 16 divide 393824?
True
Is 125 a factor of 14500?
True
Is 324680 a multiple of 432?
False
Is 2572814 a multiple of 31?
True
Is 293170 a multiple of 5?
True
Is 10 a factor of 3575249?
False
Is 251424 a multiple of 48?
True
Is 649 a factor of 1067722?
False
Is 138 a factor of 1204878?
True
Is 2774859 a multiple of 306?
False
Is 386 a factor of 134222?
False
Does 300 divide 284445?
False
Is 4 a factor of 843474?
False
Does 1008 divide 3185208?
False
Does 876 divide 8878260?
True
Does 66 divide 7191443?
False
Does 4 divide 3625429?
False
Is 8540 a multiple of 4?
True
Is 71 a factor of 419687?
False
Does 33 divide 5108862?
True
Does 42 divide 138449?
False
Is 187684 a multiple of 7?
True
Is 29 a factor of 106720?
True
Does 15 divide 922915?
False
Is 292 a factor of 4524540?
True
Is 82928 a multiple of 13?
False
Does 10 divide 439260?
True
Is 24 a factor of 2562336?
True
Is 505722 a multiple of 21?
True
Does 38 divide 112936?
True
Does 25 divide 102600?
True
Is 36705 a multiple of 57?
False
Is 15031684 a multiple of 285?
False
Is 154 a factor of 147905?
False
Is 142 a factor of 2483296?
True
Is 124124 a multiple of 182?
True
Is 673666 a multiple of 618?
False
Is 43 a factor of 206529?
True
Does 40 divide 143880?
True
Is 205 a factor of 28343?
False
Is 107 a factor of 573871?
False
Is 11 a factor of 2191519?
True
Does 104 divide 2311608?
True
Is 12330654 a multiple of 20?
False
Is 36987 even?
False
Does 2 divide 168607?
False
Does 32 divide 5376?
True
Is 16884 a multiple of 402?
True
Does 10 divide 40570?
True
Does 25 divide 202013?
False
Is 4319 a multiple of 3?
False
Is 21 a factor of 802320?
False
Is 70958 a multiple of 377?
False
Does 3 divide 209107?
False
Is 65 a factor of 644626?
False
Is 76167 a multiple of 21?
True
Does 53 divide 211845?
False
Does 6 divide 162732?
True
Is 922824 a multiple of 21?
True
Does 319 divide 3165686?
False
Is 6 a factor of 205380?
True
Does 12 divide 4908463?
False
Does 5 divide 2627892?
False
Is 107246 a multiple of 303?
False
Is 179 a factor of 1893539?
False
Is 164 a factor of 1587796?
False
Does 12 divide 519276?
True
Is 354 a factor of 63052?
False
Does 16 divide 825804?
False
Is 329 a factor of 528703?
True
Is 63 a factor of 321587?
False
Does 65 divide 2975564?
False
Is 1539004 a multiple of 79?
False
Is 2 a factor of 27312?
True
Is 94302 a multiple of 169?
True
Does 57 divide 5586?
True
Does 3 divide 100457?
False
Does 11 divide 1481438?
False
Is 179 a factor of 13333078?
False
Does 587 divide 7567017?
True
Is 554 a factor of 392786?
True
Is 181 a factor of 46871?
False
Is 2062058 a multiple of 1012?
False
Is 83187 a multiple of 9?
True
Is 19 a factor of 19321358?
False
Is 135 a factor of 2257740?
True
Is 38726 a multiple of 22?
False
Is 36 a factor of 161203?
False
Is 5243504 a multiple of 830?
False
Is 65772 a multiple of 63?
True
Does 10 divide 989840?
True
Does 4 divide 5183?
False
Does 25 divide 22370?
False
Is 50 a factor of 122600?
True
Is 244 a factor of 2922388?
True
Does 1046 divide 523000?
True
Is 112630 a multiple of 32?
False
Is 25176 a multiple of 4?
True
Is 495 a factor of 3841695?
True
Does 15 divide 522795?
True
Is 2725560 a multiple of 18?
True
Is 57857 a multiple of 123?
False
Is 6 a factor of 379594?
False
Is 379740 a multiple of 373?
False
Is 348943 a multiple of 7?
True
Is 375210 a multiple of 11?
True
Is 63 a factor of 160926?
False
Is 1610829 a multiple of 159?
True
Is 5 a factor of 92?
False
Does 66 divide 525928?
False
Is 18 a factor of 333216?
True
Is 255 a factor of 270525?
False
Does 33 divide 70635?
False
Does 41 divide 100737?
True
Is 1170 a factor of 14442480?
True
Does 78 divide 100790?
False
Does 29 divide 62872?
True
Is 1786265 a multiple of 13?
True
Is 55 a factor of 104885?
True
Does 154 divide 3065573?
False
Is 38 a factor of 129876?
False
Is 455 a factor of 36855?
True
Is 9963 a multiple of 2?
False
Is 20568 a multiple of 6?
True
Does 118 divide 8306256?
True
Does 22 divide 72529?
False
Is 175 a factor of 1071525?
True
Does 147 divide 1918938?
True
Is 3222387 a multiple of 441?
True
Is 468626 a multiple of 53?
True
Is 1718698 a multiple of 23?
True
Is 35 a factor of 46165?
True
Is 172932 a multiple of 4?
True
Is 5088100 a multiple of 205?
True
Is 8 a factor of 2417328?
True
Does 451 divide 49159?
True
Does 2 divide 3554?
True
Is 824688 a multiple of 72?
True
Is 15 a factor of 1975304?
False
Is 657 a factor of 4182462?
True
Is 531120 a multiple of 240?
True
Is 63173 a multiple of 2?
False
Is 367811 a multiple of 16?
False
Is 454 a factor of 325310?
False
Is 160448 a multiple of 46?
True
Is 204060 a multiple of 537?
True
Does 121 divide 96437?
True
Is 42 a factor of 4872?
True
Is 347 a factor of 8675256?
False
Is 24 a factor of 119931?
False
Does 6 divide 12894?
True
Is 28 a factor of 165167?
False
Is 81409 a multiple of 31?
False
Is 30 a factor of 933532?
False
Does 7 divide 353254?
False
Does 28 divide 111412?
True
Does 564 divide 4156116?
True
Is 244 a factor of 904020?
True
Does 69 divide 403788?
True
Does 55 divide 56430?
True
Is 731 a factor of 967458?
False
Is 223051 a multiple of 100?
False
Is 2477435 a multiple of 467?
True
Does 19 divide 5413493?
False
Does 18 divide 845442?
True
Is 526328 a multiple of 466?
False
Is 124137 a multiple of 647?
False
Is 12761 a multiple of 14?
False
Is 17 a factor of 3094221?
True
Is 23 a factor of 4978943?
False
Is 2659465 a multiple of 124?
False
Does 43 divide 4034466?
False
Is 16 a factor of 200768?
True
Is 2405620 a multiple of 7?
True
Is 191 a factor of 126094?
False
Is 1311346 a multiple of 17?
True
Is 395560 a multiple of 88?
True
Is 272448 a multiple of 176?
True
Is 1530353 a multiple of 22?
False
Is 1670263 a multiple of 52?
False
Is 48 a factor of 68544?
True
Does 61 divide 188506?
False
Is 12750 a multiple of 4?
False
Is 139900 a multiple of 69?
False
Is 148 a factor of 2952304?
True
Does 63 divide 684659?
False
Is 414284 a multiple of 18?
False
Is 848736 a multiple of 18?
True
Is 5 a factor of 41220?
True
Does 337 divide 394964?
True
Is 176456 a multiple of 66?
False
Is 23 a factor of 226136?
True
Is 62920 a multiple of 22?
True
Does 35 divide 307020?
True
Is 755 a factor of 30373650?
True
Is 44089 a multiple of 14?
False
Does 275 divide 2193452?
False
Is 143 a factor of 73931?
True
Is 37 a factor of 86249?
False
Is 6601096 a multiple of 58?
True
Is 735816 a multiple of 86?
True
Does 152 divide 592192?
True
Is 714330 a multiple of 15?
True
Is 135862 a multiple of 341?
False
Is 173442 a multiple of 633?
True
Is 5515978 a multiple of 5?
False
Is 22 a factor of 643060?
True
Is 743 a factor of 569138?
True
Is 7642 a multiple of 72?
False
Is 6692752 a multiple of 176?
True
Is 201760 a multiple of 130?
True
Is 92 a factor of 94024?
True
Does 9 divide 38073?
False
Does 12 divide 1723226?
False
Is 802463 a multiple of 248?
False
Does 643 divide 3497920?
True
Is 2262823 even?
False
Is 26 a factor of 10778315?
False
Does 36 divide 7666308?
True
Is 67 a factor of 21775?
True
Is 428609 a multiple of 9?
False
Is 215 a factor of 35905?
True
Is 207 a factor of 73593?
False
Is 538974 a multiple of 4?
False
Is 7 a factor of 579397?
True
Is 8820 a multiple of 42?
True
Is 57 a factor of 60130?
False
Is 444 a factor of 4277496?
True
Does 44 divide 11429758?
False
Does 119 divide 143038?
True
Is 24174 a multiple of 158?
True
Is 60 a factor of 320700?
True
Is 6 a factor of 134352?
True
Is 336911 a multiple of 510?
False
Is 231426 a multiple of 414?
True
Is 7542864 a multiple of 24?
True
Is 15 a factor of 262905?
True
Does 122 divide 529480?
True
Does 190 divide 1231636?
False
Does 34 divide 8259144?
True
Does 27 divide 874145?
False
Is 3994732 a multiple of 161?
True
Is 1167 a factor of 1115652?
True
Is 5074404 a multiple of 270?
False
Does 36 divide 1925280?
True
Does 85 divide 39950?
True
Does 15 divide 50182?
False
Is 7090400 a multiple of 65?
False
Is 520918 a multiple of 127?
False
Is 421928 a multiple of 57?
False